j)?
6
Let g be (1/(-6)*9)/(1/(-2)). Let q(o) = o**3 - 2*o**2 + 2*o + 4. Calculate q(g).
19
Let u(o) = 4 - 2*o - 4. Let z = 24 + -23. What is u(z)?
-2
Suppose 0*k = k. Suppose k = -0*d - 5*d + 10. Let m(n) = -n**3 - n**2 + 3*n - 1. What is m(d)?
-7
Let q = 10 - 14. Let a(t) = t**2 + 4*t + 4. Let j be a(q). Suppose -z = -j*z + h + 13, -3*z - 7 = -5*h. Let s(u) = u**2 - 5*u - 6. Give s(z).
0
Let o be (-8)/(-6) + 6/9. Let t(x) = -6*x - 8*x**2 + 2*x**3 + 7 + x**o - 3*x**3. Suppose 8*q = -62 + 14. What is t(q)?
7
Let g = -5 - -9. Let q(a) = 2*a + 4 + 3 - g - 2. Give q(-2).
-3
Let z(w) be the second derivative of -w**4/12 + w**3/2 + 3*w**2 + 5*w. Let r be z(5). Let d(u) = u**2 + 6*u + 4. What is d(r)?
-4
Suppose 5*o - 23 = a, 0 = -3*o + 11 + 1. Let f = a - -4. Let w(p) be the second derivative of 2*p**4/3 - p**3/3 + p**2/2 + 2*p. Give w(f).
7
Let a(f) = 7*f**2 - 4*f - 6. Let o(i) = 6*i**2 - 3*i - 5. Let p(h) = -5*a(h) + 6*o(h). Determine p(-5).
15
Let c(m) be the first derivative of -m**4/4 - 2*m**3/3 - 1. Suppose 0 = -2*y - 1 - 3. Calculate c(y).
0
Let z(n) = n**3 - 3*n**2 + 2*n - 5. Let x be z(3). Let g(s) = -s + 2. Calculate g(x).
1
Suppose 31 = -6*i + 13. Let h(g) = g**2 - 4. Determine h(i).
5
Let r = 7 - 4. Suppose -r*i + 25 = -8*i. Let b(n) be the second derivative of n**5/20 + 5*n**4/12 - n**3/6 - 2*n**2 - n. Calculate b(i).
1
Let s(b) = 7*b + 13. Let v(o) = 8*o + 14. Let q = 11 - 17. Let z(l) = q*v(l) + 7*s(l). Calculate z(-5).
2
Let h(w) be the first derivative of -w**4/4 - 2*w**3/3 - w**2 + w + 11. Let g be 1*(-1 + -1)*1. What is h(g)?
5
Let o = 7 + -5. Let i(y) = -3 - y - 2*y**2 - o*y + 4*y**2 + 0. What is i(3)?
6
Let h(k) = -3*k**2 + 4*k + 3. Let z(s) = 7*s**2 - 9*s - 7. Let t(u) = -9*h(u) - 4*z(u). Give t(0).
1
Let w be (-8)/16*(-11 + -1). Let r(v) = -v + 13. Determine r(w).
7
Let h(d) = d**2 + 0*d**2 + 0*d**2 + 7*d - 7 - 2*d. Give h(-5).
-7
Let x(r) = -4*r**3 - 2*r**2 + r. Let w = 16 - 9. Suppose w = -u + 8. Determine x(u).
-5
Let v(b) be the first derivative of b**4/4 - 4*b**3/3 + b**2/2 - 3*b + 1. Let x(c) = -c**2 - 4*c. Let z be x(-5). Let l be 2/z - 132/(-30). What is v(l)?
1
Let s be 166/(-8) - (-1)/(-4). Let v = -18 - s. Let k(h) = h**3 - 3*h**2 + 3*h - 3. Give k(v).
6
Let o be 10/(-15) - (-5)/6. Let d(x) be the third derivative of 0 + 3/8*x**4 - o*x**3 - 2*x**2 + 0*x. What is d(1)?
8
Suppose -2*g - 4*j - 12 = 0, 2*g - 18 = 5*g - 3*j. Let v(n) = -4*n - 3. Determine v(g).
21
Suppose 5*v = 70 - 185. Let f be 1 - (1*v - -1). Suppose -5*a + 4*x = -f, -5 = a - 3*x + 7*x. Let q(s) = -s + 1. Determine q(a).
-2
Suppose 8 = 4*a - 8. Let c(s) = -a + s + 5*s - 2*s - 2*s. Give c(4).
4
Let y(n) = -n**3 + 16*n**2 + 16*n + 17. Let j be y(17). Let o(x) = -x - 5. What is o(j)?
-5
Let z(q) = q**2 + 2*q - 1. Let n(c) = 2*c**2 + 3*c - 3. Let j(o) = -4*n(o) + 7*z(o). Give j(4).
-3
Let f(q) = -q**2. Let k = 6 - 5. Let l(j) = -j**2 + 2*j - 4. Let n(h) = k*l(h) - 2*f(h). What is n(-4)?
4
Let x(n) = n**3 - 3*n**2 - 3*n - 1. Let u = 13 - 11. Let k = 6 - u. What is x(k)?
3
Let b be ((-9)/2)/3*-4. Suppose -1 = -5*t + b*t. Let q be (-2)/2 - (-5 - t). Let h(i) = -2*i + 2. Determine h(q).
-4
Let m(a) = -2*a - 7. Let h be m(-6). Suppose 6*i + 2 = h*i. Let s(g) = g**2 + 3*g + 3. What is s(i)?
1
Let h(j) = j. Let a = -8 + 10. Let i(p) = a*p + p**3 + 4 - 6*p**2 + 0 - 3*p. Let d be i(6). Give h(d).
-2
Let c(b) = -10*b - 1. Let a(u) = -u + 3. Let f be a(2). Determine c(f).
-11
Let t(l) = 2*l + 2. Let q = 18 + -16. Suppose 1 - 5 = 3*b + q*a, 0 = 4*b + 2*a + 8. Calculate t(b).
-6
Suppose s - 10 = -3*g, 0*g - 3*s + 9 = 2*g. Suppose n = -g*v - 11, -2*v = -4*n + 2*v + 36. Let b(z) = -z**3 + 3*z**2 + 4*z - 2. Determine b(n).
-2
Let w = 6 - 6. Let m(y) be the second derivative of y**3/6 - 4*y**2 + 6*y. What is m(w)?
-8
Let p(z) = -z**3 + 4*z**3 + 5 - 2*z**3 + 3*z**2 - 3*z + 0*z**3. Determine p(-4).
1
Let q(w) be the second derivative of -w**3/6 + w**2 - 4*w. Suppose 0 = 2*z - 3*i + 1, 3*z - 3*i = -2 - 1. Let c be ((-10)/8)/(z/8). Calculate q(c).
-3
Let j(v) be the third derivative of 0 + 1/4*v**4 - v**3 + 0*v + 1/60*v**5 + 4*v**2. Give j(-6).
-6
Let p(w) = -2*w**3 - 4*w**2 - 3*w - 1. Let r be -4 - (4/(-3))/(6/9). Give p(r).
5
Let c be (-11)/2 + (-15)/(-10). Let i be ((-20)/(-30))/(c/(-18)). Suppose -i*w - 5 = -4*w. Let v(s) = -s**3 + 6*s**2 - 7*s + 2. Calculate v(w).
-8
Let h(s) = -s - 1. Let q(u) = -2*u + 4. Let n(v) = 3*h(v) - q(v). Calculate n(-5).
-2
Let v(k) = -3*k**3 + 15*k**2 - 3*k + 14. Let l(s) = 5*s**3 - 23*s**2 + 5*s - 21. Let u(r) = -5*l(r) - 8*v(r). Determine u(-5).
-2
Let g be (4/10)/(3/150*5). Let n(o) be the second derivative of o + 0 + 3*o**2 - 1/12*o**g - 1/3*o**3. What is n(-5)?
-9
Let k(p) = p - 8. Suppose 0 = -4*c + 4 + 36. Suppose -c = -4*w - w. Let j(u) = -u**3 + u**2 + 3*u - 2. Let v be j(w). Determine k(v).
-8
Let k(z) = -z**2 - 6*z + 2. Let w be k(0). Let q(c) = -4*c + 2. Determine q(w).
-6
Let o(m) be the second derivative of 2*m**3/3 + m**2/2 - 3*m. Calculate o(3).
13
Let p(s) be the second derivative of s**4/6 + 5*s**3/6 + 3*s**2/2 + 5*s. What is p(-3)?
6
Let k(b) = 4*b**3 + b**2. Let x be k(1). Let i(n) be the third derivative of -n**4/24 + n**3 + 2*n**2. Calculate i(x).
1
Let z(p) be the second derivative of p**3/6 - 5*p**2 - 3*p - 1. Calculate z(7).
-3
Let q(p) = -p. Let s(f) = f**2 - 4*f - 2. Let m be s(5). Suppose -m - 3 = 3*l. Give q(l).
2
Suppose -3*z + 0*o = -3*o + 18, -3*o + 11 = 4*z. Let k be 0*(z - 0) + 2. Let q(i) = 0*i**2 - 5 + 4 + 3*i**k. Determine q(1).
2
Let p(t) = 3*t + 2 - 1 + 2 + 1. Let h(v) = 4*v. Let d be h(-1). Calculate p(d).
-8
Let y(z) = 2*z + 1. Let o(s) = -14*s**3 + s**2 - s - 1. Let m be o(-1). Suppose -4*f - f = -m. Calculate y(f).
7
Let q be -2*3/6*-6. Let y(l) = 4*l**2 - 3*l**2 - 6*l + l**3 + 1 - 5*l**2 - l**2. Give y(q).
1
Let f(d) = d**2 - 1. Let x be f(1). Suppose 2*q + 1 = -5*t, 0*q - 3*t = -5*q + 13. Let z(s) = 5 + 0*s + s**2 + 5*s - q*s - 2*s + s**3. Give z(x).
5
Let a be 3 - (-2)/(-4)*0. Let p(t) = 2*t**3 - 8*t**3 - 2*t + a*t + 1. What is p(-1)?
6
Suppose 5*j = -5*x + 45, 5*x + 3*j - 33 = 4. Let y(c) = -x*c - 3*c**2 + 4*c**2 + 4 + c**2. Suppose -5*v - t = -0*v - 19, -2*v + t = -2. Determine y(v).
7
Suppose 0 = -3*z - y - 4, -7*y - 5 = z - 3*y. Let c(d) = -5*d - 1. Let f be c(z). Let r(k) = -k**3 + 2*k**2 + 4*k + 5. Give r(f).
-11
Let o(n) = 2*n - 4. Suppose 0 - 2 = j. Let k be (21/(-2))/(j/4). Let d be 1/2 + k/6. Give o(d).
4
Let k = 0 - 4. Let w be 2*-1 + (-28)/k. Let l(x) = -x**3 + 3*x**2 + 8*x - 4. What is l(w)?
-14
Let v(k) = -k + 2. Let j be (63/(-6))/3*-2. Let h = 7 - j. Suppose h + 8 = 4*z. Give v(z).
0
Let b(f) be the second derivative of -f**4/6 - 5*f**3/3 + 7*f**2 - f. Let a(q) = 5*q**2 + 7 - 2*q - 6*q**2 - 3*q. Let p(c) = -7*a(c) + 3*b(c). Calculate p(-5).
-7
Let l be (-4)/2*1/(-2). Let q(b) = 9*b**2 + 5*b**2 + l - b - 7*b**2 + 4*b**2. Determine q(1).
11
Let z(b) be the second derivative of b**4/12 - b**3/2 + b**2/2 - b. Let x be (-3)/15 + (-22)/(-10). Suppose 0 = -2*v + v + x. What is z(v)?
-1
Let i(u) = -25*u - 26. Let z(n) = -4 + 1 - 5*n - 2. Let r(q) = -2*i(q) + 11*z(q). What is r(-2)?
7
Let i be (-72)/15 + 2/(-10). Let w(h) = -2*h - 6. Let a be w(i). Let v(m) be the first derivative of -m**3/3 + 3*m**2 - 6*m + 2. Give v(a).
2
Let s(x) be the third derivative of x**4/6 + x**3/6 - 17*x**2. Determine s(-3).
-11
Let h(r) = -5 + 3*r + r - 6*r + r**2. Suppose -m + 2 = -7. Suppose -1 = 2*g - m. Calculate h(g).
3
Let x(a) = 0*a + 2*a + 0*a**2 - a**2. Let v be 13 + (-2)/(2 - 0). Let i be v*3/27*3. Give x(i).
-8
Suppose 2*f = 8, 3*g + 0*g + 3*f - 18 = 0. Let d(m) = m + 2. Let l be d(3). Let z(x) = -4 + l - x + 0 - 2 - 4*x**g. Determine z(-1).
-4
Let x = 1 - -1. Suppose -x - 18 = -2*c. Let m(b) = b**2 - 9*b - 11. Let f be m(c). Let q(y) = 2*y - 1. Give q(f).
-3
Let t(n) = n + n**2 - 4*n**2 + 4*n**2 - 9. What is t(0)?
-9
Let s(b) = -b**3 - 5*b**2 + b + 1. Suppose g - 20 = -4*g. Suppose 0 = g*f + 13 + 7. Calculate s(f).
-4
Let i(s) = -2*s + 1. Let n(a) = -a**2 + 13*a - 6. Let h(d) = -2*d**2 + 27*d - 12. Let u(w) = -6*h(w) + 13*n(w). Let c be u(5). What is i(c)?
-7
Suppose -8 = -2*d + 4. Let p(m) be the second derivative of m**4/12 - 7*m**3/6 - m**2/2 - 32*m. Calculate p(d).
-7
Suppose -35 = 2*a - 5*f